eatest common divisor of 200 and 325.
25
What is the greatest common factor of 340 and 220?
20
What is the greatest common divisor of 33 and 60?
3
Calculate the highest common factor of 108 and 144.
36
Calculate the highest common factor of 105 and 42.
21
Calculate the highest common divisor of 7467 and 114.
57
Calculate the greatest common divisor of 344 and 9116.
172
What is the greatest common factor of 3012 and 24?
12
Calculate the highest common factor of 22 and 890.
2
Calculate the greatest common factor of 8277 and 279.
93
Calculate the greatest common factor of 9 and 57.
3
Calculate the greatest common divisor of 6244 and 56.
28
What is the greatest common divisor of 155 and 1240?
155
Calculate the highest common divisor of 46 and 4.
2
What is the greatest common divisor of 28674 and 118?
118
What is the highest common factor of 728 and 910?
182
Calculate the greatest common divisor of 20 and 1210.
10
What is the highest common factor of 4245 and 45?
15
Calculate the highest common divisor of 232 and 1276.
116
What is the highest common divisor of 1424 and 89?
89
What is the greatest common factor of 8791 and 745?
149
What is the greatest common factor of 18 and 5898?
6
What is the greatest common factor of 21502 and 2?
2
What is the greatest common divisor of 9352 and 56?
56
Calculate the highest common factor of 57 and 41249.
19
Calculate the highest common divisor of 6205 and 170.
85
Calculate the highest common factor of 34170 and 10.
10
Calculate the highest common factor of 22 and 2651.
11
What is the greatest common divisor of 612 and 340?
68
Calculate the highest common factor of 1648 and 400.
16
Calculate the greatest common divisor of 169 and 54925.
169
Calculate the highest common factor of 184 and 140.
4
What is the greatest common divisor of 330 and 693?
33
What is the highest common divisor of 62 and 403?
31
What is the greatest common divisor of 51 and 408?
51
What is the greatest common divisor of 255 and 153?
51
Calculate the highest common divisor of 7688 and 16.
8
What is the greatest common factor of 1241 and 17?
17
What is the highest common divisor of 323 and 221?
17
Calculate the highest common factor of 702 and 2223.
117
What is the greatest common divisor of 8476 and 416?
52
Calculate the highest common factor of 14 and 329.
7
What is the highest common divisor of 2419 and 1558?
41
Calculate the highest common divisor of 68 and 1088.
68
Calculate the highest common divisor of 2 and 19.
1
What is the highest common divisor of 405 and 648?
81
What is the greatest common factor of 84 and 231?
21
Calculate the highest common factor of 16819 and 139.
139
What is the highest common factor of 2970 and 2835?
135
What is the greatest common factor of 611 and 13?
13
What is the greatest common factor of 4230 and 30?
30
What is the highest common factor of 14 and 14798?
14
Calculate the highest common factor of 80 and 104.
8
Calculate the greatest common divisor of 528 and 96.
48
Calculate the highest common factor of 128 and 960.
64
Calculate the greatest common factor of 77 and 28.
7
What is the greatest common divisor of 19 and 95?
19
What is the greatest common divisor of 363 and 99?
33
What is the greatest common factor of 198 and 225?
9
Calculate the highest common divisor of 689 and 477.
53
Calculate the highest common factor of 2000 and 48.
16
What is the highest common factor of 78 and 572?
26
Calculate the greatest common factor of 225 and 90.
45
Calculate the greatest common factor of 28 and 6524.
28
Calculate the greatest common divisor of 270 and 155.
5
Calculate the greatest common factor of 300 and 45.
15
What is the greatest common factor of 116 and 493?
29
Calculate the highest common factor of 14 and 26.
2
What is the greatest common divisor of 9 and 15?
3
What is the greatest common divisor of 20 and 270?
10
Calculate the highest common divisor of 75 and 135.
15
What is the highest common factor of 450 and 50?
50
What is the highest common factor of 20042 and 22?
22
What is the greatest common factor of 735 and 60?
15
What is the highest common divisor of 40 and 1640?
40
Calculate the greatest common factor of 7821 and 99.
99
What is the highest common divisor of 96 and 1888?
32
What is the greatest common factor of 42 and 5523?
21
Calculate the greatest common factor of 390 and 78.
78
Calculate the greatest common divisor of 4731 and 166.
83
Calculate the greatest common factor of 1300 and 52.
52
What is the greatest common divisor of 4 and 18?
2
Calculate the highest common factor of 56 and 644.
28
Calculate the greatest common divisor of 119 and 68.
17
What is the greatest common divisor of 24 and 15672?
24
Calculate the greatest common factor of 15 and 15.
15
Calculate the greatest common factor of 205 and 5.
5
Calculate the highest common factor of 14382 and 17.
17
What is the highest common factor of 76 and 3211?
19
What is the greatest common divisor of 4 and 20?
4
Calculate the greatest common factor of 221 and 204.
17
Calculate the highest common divisor of 84 and 2646.
42
Calculate the highest common divisor of 1521 and 338.
169
Calculate the greatest common factor of 120 and 45.
15
Calculate the greatest common factor of 635 and 25.
5
Calculate the highest common factor of 12222 and 126.
126
Calculate the greatest common factor of 672 and 42.
42
Calculate the greatest common divisor of 44 and 11.
11
What is the greatest common factor of 2422 and 42?
14
Calculate the highest common factor of 322 and 69.
23
What is the greatest common factor of 3612 and 14?
14
Calculate the greatest common factor of 12 and 76.
4
What is the highest common divisor of 1189 and 58?
29
Calculate the greatest common factor of 32 and 704.
32
What is the highest common factor of 53 and 10441?
53
What is the highest common divisor of 57 and 51?
3
Calculate the highest common factor of 144 and 272.
16
Calculate the highest common factor of 53 and 1.
1
What is the greatest common factor of 211 and 22577?
211
What is the greatest common divisor of 10812 and 159?
159
Calculate the greatest common factor of 272 and 784.
16
Calculate the highest common factor of 8 and 4.
4
What is the highest common divisor of 2669 and 17?
17
Calculate the greatest common factor of 30 and 240.
30
What is the highest common divisor of 42 and 9387?
21
Calculate the greatest common divisor of 280 and 175.
35
What is the highest common divisor of 56 and 16?
8
What is the greatest common divisor of 138 and 6?
6
Calculate the greatest common divisor of 2 and 9194.
2
What is the highest common factor of 210 and 105?
105
What is the highest common divisor of 87 and 290?
29
What is the greatest common divisor of 50691 and 277?
277
What is the greatest common factor of 3942 and 73?
73
What is the greatest common divisor of 26455 and 555?
185
Calculate the greatest common divisor of 49 and 21.
7
What is the greatest common divisor of 1520 and 16?
16
Calculate the highest common divisor of 138 and 161.
23
Calculate the highest common divisor of 11394 and 108.
54
What is the greatest common divisor of 10871 and 14?
7
Calculate the highest common factor of 6704 and 16.
16
Calculate the greatest common divisor of 28 and 2716.
28
Calculate the greatest common divisor of 1080 and 105.
15
What is the greatest common divisor of 12 and 5556?
12
Calculate the greatest common divisor of 8869 and 362.
181
What is the highest common divisor of 91 and 28?
7
Calculate the highest common factor of 24 and 444.
12
What is the greatest common divisor of 332 and 7885?
83
What is the highest common factor of 124 and 8?
4
What is the highest common divisor of 147 and 343?
49
What is the highest common divisor of 18 and 5058?
18
What is the highest common divisor of 332 and 4067?
83
What is the greatest common divisor of 2472 and 8?
8
What is the highest common divisor of 112 and 42?
14
What is the highest common factor of 72 and 594?
18
Calculate the highest common divisor of 79 and 2923.
79
Calculate the greatest common divisor of 559 and 247.
13
Calculate the greatest common factor of 130 and 26.
26
Calculate the greatest common factor of 1309 and 1904.
119
Calculate the greatest common factor of 690 and 10.
10
Calculate the highest common divisor of 99 and 1044.
9
W